est common factor of w and 12.
6
Suppose -16*c = -13*c - 66. What is the greatest common divisor of c and 11?
11
Suppose -o - 11 = -2*o. Let p be (-3*(-4)/(-6))/(-2). Calculate the highest common divisor of p and o.
1
Suppose 3*h - 2 = 2*h. Let i be (2/h)/(2/(-82)). Let x = -28 - i. Calculate the highest common divisor of x and 117.
13
Let c(i) = i**2 + 3*i - 4. Let w be c(-5). Let f(z) = 3*z + 0*z + 4 - 18*z**2 + 19*z**2. Let s be f(-3). What is the highest common factor of w and s?
2
Suppose -4*y + 7 = -5, -15 = 2*b - 5*y. Suppose b = -0*u + 3*u - 45. Calculate the greatest common divisor of u and 15.
15
Suppose 5*i = i + 80. Let m(t) = -t**3 + 6*t**2 + 3*t + 2. Let z be m(6). What is the greatest common divisor of z and i?
20
Let b = -6 + 3. Let r be (14/(-4))/(b/30). Suppose 0 = -j - 4*j + r. Calculate the greatest common divisor of 14 and j.
7
Suppose t - 76 = -r, -2*t + r - 31 = -186. Calculate the greatest common factor of t and 11.
11
Let g be ((-10)/(-4))/(3/6). Let v be (-7)/(-4) + g/20. What is the greatest common divisor of v and 4?
2
Let p be (45/27)/(2/36). Calculate the highest common divisor of p and 6.
6
Suppose 40 = -l - 23. Let x = l - -120. Calculate the greatest common divisor of 38 and x.
19
Let m be (-16)/12*(-4 - -1). Let n = 64 + -16. Suppose 0 = 3*l + m*t - n, 0*l - 3*l = 3*t - 48. What is the highest common factor of 64 and l?
16
Let u be (-1 + 6)*2/2. Suppose -x + 2*m + 3 - 13 = 0, 0 = 5*x + u*m - 25. Suppose 5*z - z - 8 = x. What is the greatest common factor of z and 1?
1
Let r be (-222)/(-8) + 4/16. Calculate the highest common divisor of 4 and r.
4
Let s(q) = 8*q**2 + 2*q. Let h be -3 - -3*(-1)/3. Let p be s(h). What is the highest common factor of 12 and p?
12
Suppose 5*p - 3*j - 52 = 0, 2*p + 2*j - 8 = -0*j. Suppose -p*d = 3*y - 4*d - 12, -5*y - 2*d + 34 = 0. Calculate the highest common divisor of 1 and y.
1
Let z = 47 - 34. What is the greatest common factor of 221 and z?
13
Let z(y) = -5*y**2 + 2*y + 3. Let c(k) = -6*k**2 + 3*k + 3. Let l(g) = 3*c(g) - 4*z(g). Let u be l(3). Calculate the highest common divisor of 2 and u.
2
Let v = 21 + -19. Suppose v*p - 306 = 62. Suppose 0*d - 21 = -d - 2*k, 0 = -4*d + k + 93. Calculate the greatest common factor of p and d.
23
Suppose 3*u - 149 + 20 = -2*r, -5*r + 311 = -4*u. Calculate the highest common factor of r and 42.
21
Let q = 53 + -44. What is the highest common divisor of 18 and q?
9
Let b(i) = -8*i + 2. Let u be b(-7). Let s be (6/3)/(4/u). What is the highest common factor of s and 261?
29
Let r = -28 - -58. What is the highest common divisor of 10 and r?
10
Let n be (8 - -76)*2*(-1)/(-4). Calculate the highest common factor of n and 14.
14
Suppose 3*h = -h + 252. What is the highest common factor of 21 and h?
21
Suppose -13 + 1 = -4*d. Let n be (d/2)/(1/8). Calculate the greatest common factor of 12 and n.
12
Suppose 5*p = -2*c + 45, 0 = 5*c - 3*p + 4*p - 170. What is the highest common divisor of c and 5?
5
Let j(l) = -l**2 + 2*l + 5. Let h be j(-4). Let y = h + 69. Suppose 3*n - 37 = -4*c, 4*c - 4*n - n - 45 = 0. Calculate the greatest common divisor of y and c.
10
Let n = 62 + -6. Let p = 9 - 6. Suppose 5*z - 5 = p*l + 21, 2*l + 8 = 2*z. What is the greatest common factor of z and n?
7
Let u = 771 + -120. Suppose -5*t + 0*t - 4*r = -648, -5*t - 3*r + u = 0. What is the greatest common divisor of 12 and t?
12
Let w be (-1)/(-1)*(-14)/(-2). Let b = w + -6. Calculate the greatest common divisor of 8 and b.
1
Let c = 25 - 21. What is the greatest common divisor of 12 and c?
4
Suppose r - 33 = -2*r. Calculate the greatest common factor of r and 99.
11
Suppose -4*l - 172 = -r, 3*r - 621 = -5*l - 173. What is the greatest common factor of 12 and r?
12
Let r(t) = -t**3 + 4*t**2 + 3*t. Let a(x) = 2*x**3 - 2*x**2 - 2*x. Let n be a(2). Let m be r(n). Calculate the greatest common factor of 3 and m.
3
Suppose 5*c - 2*c = 72. Suppose -3*v - c = -5*v. Calculate the highest common factor of 132 and v.
12
Let f be ((-30)/4)/(6/(-8)). Calculate the highest common factor of f and 2.
2
Let r(s) = s + 6. Suppose 3*g = g + 12. Let n be r(g). Let f(u) = u + 4. Let m be f(4). What is the greatest common factor of n and m?
4
Suppose -u = -4 - 6. Calculate the highest common divisor of u and 4.
2
Suppose 5 = -5*o + 55. Let f = -4 - -8. Calculate the greatest common factor of f and o.
2
Let v = 28 - 20. Suppose -4*g = -3*g - 7. Let m = 11 - g. What is the greatest common divisor of m and v?
4
Let v = -39 + 134. Suppose -5*i + v = -0*i. Let p = 20 - -37. Calculate the highest common factor of p and i.
19
Let k = 11 + -3. What is the greatest common factor of k and 88?
8
Let y be 5 + 3/(-2) - (-2)/4. Calculate the greatest common divisor of 10 and y.
2
Let h = 4 - 2. Let c(d) = 5*d - d - d. Let g be c(1). What is the greatest common divisor of h and g?
1
Let w(t) be the first derivative of -2*t**2 + 2*t + 3. Let x be w(-3). Calculate the greatest common divisor of 35 and x.
7
Suppose 6*p + 189 = 9*p. What is the greatest common divisor of 9 and p?
9
Let g(a) = 4*a - 5. Let u be (1 - -1) + 0 + -1. Suppose 4*v - 21 + u = 0. Let z be g(v). What is the highest common factor of z and 135?
15
Let c = -53 - -72. Let o = 27 + 11. Calculate the highest common factor of c and o.
19
Suppose 0*v - 6 = -3*v. Suppose -v*k = -45 - 183. Calculate the greatest common divisor of 19 and k.
19
Let x(p) = -3*p**3 - 8*p**2 - 7*p + 7. Let v be x(-6). Suppose -l = -3*y + 283, v = 6*y - 2*y + 5*l. What is the greatest common factor of y and 12?
12
Let t = 53 + -16. Calculate the highest common factor of 37 and t.
37
Suppose 3*b = -0*b + 27. Let s be 87/b + 1/3. Calculate the highest common factor of s and 50.
10
Let r(o) = o**2 - 3*o - 3. Let x be r(10). Let d = x - 27. What is the highest common factor of d and 20?
20
Suppose -3*r + 51 + 267 = 0. Suppose 4*s - 2*s + v = 94, r = 2*s - 5*v. Calculate the highest common factor of 32 and s.
16
Let i(m) = m**3 - 7*m**2 - 7*m - 2. Let p be i(8). What is the highest common divisor of p and 66?
6
Let i = 23 + -18. Calculate the greatest common factor of i and 15.
5
Let t(c) = -8*c + 0*c + c - 1. Let y be t(-1). What is the greatest common divisor of y and 12?
6
Suppose 0*y + 20 = y + 2*n, 10 = 2*n. Suppose 0 = -i + 2*i + 3. Let b = i + 5. Calculate the greatest common factor of b and y.
2
Suppose 4*i - 2*l + 86 = 0, l - 5*l = -4. Let c be 3/((i/(-18))/7). What is the highest common factor of c and 3?
3
Let r(b) = -28*b**3 - b**2 - b - 1. Suppose -m - 1 = -0. Let o be r(m). Calculate the greatest common factor of o and 9.
9
Suppose -3*n + 78 - 15 = 0. Let t be 17/(-1)*-1 + -3. Let z be t*-9*(-3)/3. Calculate the highest common divisor of n and z.
21
Suppose 5*h = 17 + 323. Let k = h + -44. Let m = -2 + 5. Calculate the greatest common divisor of k and m.
3
Suppose -2*s + 4*w + 18 = 8*w, -5*s = -w - 1. Let x be 7/(-28)*(-67 - s). Calculate the greatest common divisor of 187 and x.
17
Let n be 7*(4 + 132/21). Let y = -8 + 16. What is the greatest common divisor of n and y?
8
Let x(l) = 287*l**2 - 1. Let o be x(-1). Suppose 0 = -y - 3*w + 11, -3 + 86 = 3*y - w. What is the highest common divisor of y and o?
26
Let o(g) = 3*g**2 - 2*g + 4. Let f be o(-4). Let p = f - 10. Let c(y) = -y**3 + 4*y**2 + 8*y - 5. Let i be c(5). What is the greatest common divisor of i and p?
10
Suppose 3*q = 3*l - 261, l - 3*q = -q + 90. Let o(u) = -u - 3. Let m be o(-6). Let x = m + 9. Calculate the greatest common divisor of x and l.
12
Let s(i) = 36*i**3 - i**2 - i + 1. Let h be s(1). Let k = h - -17. Let m(b) = -3*b - 11. Let v be m(-8). What is the highest common factor of v and k?
13
Suppose -z = -5*z. Let k(u) = u**2 - 5*u - 6. Let t be k(7). Let p = t - z. What is the greatest common divisor of 8 and p?
8
Let b = -1 + 21. Calculate the greatest common divisor of b and 8.
4
Let i = -4 - -11. Suppose 0 = 2*z + 5*u + 3, -2*z - z - u = -2. Let o = z + 0. What is the highest common divisor of i and o?
1
Suppose 0 = 2*n - 5*n - 6. Let s(r) = 2*r**2 + 3*r + 2. Let a be s(n). Suppose -x = -27 - 1. Calculate the greatest common factor of x and a.
4
Let o be 1/(-3) + (185/(-3))/(-5). Suppose 3*f = 8*f - 60. Calculate the highest common divisor of f and o.
12
Suppose 6 = 3*d + 27. Let r(t